{"id":2,"date":"2016-03-10T23:34:24","date_gmt":"2016-03-10T23:34:24","guid":{"rendered":"https:\/\/ellugardelosargentinos.com\/?page_id=2"},"modified":"2019-01-27T00:55:13","modified_gmt":"2019-01-27T03:55:13","slug":"sample-page","status":"publish","type":"page","link":"https:\/\/ellugardelosargentinos.com\/?page_id=2","title":{"rendered":"El lugar de los Argentinos"},"content":{"rendered":"<p>Los Argentinos culturalmente creemos que nos merecemos un lugar de privilegio en el planeta.\u00a0 Es una de nuestras principales frustraciones cuando comprobamos, sufriendo, nuestro constante deterioro.<\/p>\n<p>Adoptamos ideolog\u00edas, visiones, concepciones pol\u00edticas desarrolladas para otros pueblos o para otros tiempos, y obviamente vivimos enfrentados, por nuestra maravillosa diversidad cultural, detectando las fallas de lo que piensa y sostiene el otro.<\/p>\n<p>Jam\u00e1s los Argentinos intentamos encontrarnos, <strong>todos<\/strong>, para definir cu\u00e1l es el lugar que debi\u00e9ramos ocupar en el planeta. Nunca intentamos realizar el esfuerzo para definirlo a partir de nuestras particulares capacidades, fortalezas y debilidades.<\/p>\n<p><strong>El lugar de los Argentinos<\/strong>, pretende ser una colecci\u00f3n de obras para nuestra reflexi\u00f3n, para reconocer falsos conceptos que sostenemos desde hace d\u00e9cadas, para abrir nuestra mente a nuevas formas organizativas y desprendernos as\u00ed, de espurias discusiones que nos enfrentan.\u00a0 Debemos encontrar la forma de construir ese lugar, un lugar que permita la integraci\u00f3n de todos, y que su cimiento entrelace la particular diversidad de nuestras culturas.<\/p>\n<p><strong>El lugar de los Argentinos<\/strong> es un esfuerzo individual, seguramente con aciertos y con errores, que acepta el aporte intelectual de todos aquellos que quieran sumarse.<\/p>\n","protected":false},"excerpt":{"rendered":"<p>Los Argentinos culturalmente creemos que nos merecemos un lugar de privilegio en el planeta.\u00a0 Es una de nuestras principales frustraciones cuando comprobamos, sufriendo, nuestro constante deterioro. Adoptamos ideolog\u00edas, visiones, concepciones pol\u00edticas desarrolladas para otros pueblos o para otros tiempos, y obviamente vivimos enfrentados, por nuestra maravillosa diversidad cultural, detectando las fallas de lo que piensa y sostiene el otro. Jam\u00e1s&hellip; <span class=\"read-more-span\"><a href=\"https:\/\/ellugardelosargentinos.com\/?page_id=2\" class=\"more-link\">Continue reading<span class=\"screen-reader-text\"> &#8220;El lugar de los Argentinos&#8221;<\/span><\/a><\/span><\/p>\n","protected":false},"author":1,"featured_media":0,"parent":0,"menu_order":0,"comment_status":"closed","ping_status":"open","template":"","meta":{"footnotes":""},"class_list":["post-2","page","type-page","status-publish","hentry"],"_links":{"self":[{"href":"https:\/\/ellugardelosargentinos.com\/index.php?rest_route=\/wp\/v2\/pages\/2","targetHints":{"allow":["GET"]}}],"collection":[{"href":"https:\/\/ellugardelosargentinos.com\/index.php?rest_route=\/wp\/v2\/pages"}],"about":[{"href":"https:\/\/ellugardelosargentinos.com\/index.php?rest_route=\/wp\/v2\/types\/page"}],"author":[{"embeddable":true,"href":"https:\/\/ellugardelosargentinos.com\/index.php?rest_route=\/wp\/v2\/users\/1"}],"replies":[{"embeddable":true,"href":"https:\/\/ellugardelosargentinos.com\/index.php?rest_route=%2Fwp%2Fv2%2Fcomments&post=2"}],"version-history":[{"count":5,"href":"https:\/\/ellugardelosargentinos.com\/index.php?rest_route=\/wp\/v2\/pages\/2\/revisions"}],"predecessor-version":[{"id":189,"href":"https:\/\/ellugardelosargentinos.com\/index.php?rest_route=\/wp\/v2\/pages\/2\/revisions\/189"}],"wp:attachment":[{"href":"https:\/\/ellugardelosargentinos.com\/index.php?rest_route=%2Fwp%2Fv2%2Fmedia&parent=2"}],"curies":[{"name":"wp","href":"https:\/\/api.w.org\/{rel}","templated":true}]}}