{"id":128,"date":"2017-08-11T17:24:13","date_gmt":"2017-08-11T17:24:13","guid":{"rendered":"https:\/\/ellugardelosargentinos.com\/?page_id=128"},"modified":"2019-01-27T00:58:40","modified_gmt":"2019-01-27T03:58:40","slug":"nuestro-logo","status":"publish","type":"page","link":"https:\/\/ellugardelosargentinos.com\/?page_id=128","title":{"rendered":"Nuestro Logo"},"content":{"rendered":"<p>El logo de <strong>El lugar de los Argentinos<\/strong>, una imagen del planeta con el Sur apuntando hacia arriba, causa en muchos la sensaci\u00f3n de que es un mundo invertido.<\/p>\n<p>El Universo no tiene arriba y abajo. Todo depende del punto de vista de quien lo observa.<\/p>\n<p>M\u00e1s precisamente, si no existiera la fuerza de la gravedad que nos atrae contra la superficie del planeta, nunca hubi\u00e9ramos incorporado las referencias de arriba y abajo, porque todos usar\u00edamos referencias distintas.<\/p>\n<p>\u00bfPor qu\u00e9 el planeta se dibuja con el Norte hacia arriba?<\/p>\n<p>Porque los primeros que dibujaron al mundo, all\u00e1 en el siglo XVI, viv\u00edan en el hemisferio Norte, por lo que dibujaron el mundo a partir de su lugar de observaci\u00f3n.<\/p>\n<p>El lugar de los Argentinos propone que comencemos a reflexionar, definir y desarrollar cu\u00e1l debiera ser nuestro lugar en el planeta.<\/p>\n<p>Si comenzamos a observar el planeta desde nuestro punto de vista, dibujar\u00edamos al mundo como se lo ve en nuestro logo.<\/p>\n<p>Es muy curioso observar el impacto de los condicionamientos de la mente, de los preconceptos. Si nos muestran una foto de nosotros, con los pies hacia arriba todos decimos que est\u00e1 dada vuelta. Pero si nos muestran una imagen del mundo, en donde nuestros pies est\u00e1n hacia abajo como corresponde, la sensaci\u00f3n inicial es que estamos con los pies para arriba.<\/p>\n<p>El ejercicio del razonamiento, puede en muchos casos permitirnos detectar situaciones, procedimientos, conductas que nos parecen normales y correctas, pero que al ser falsas o erradas est\u00e1n actuando contra nuestras posibilidades de desarrollarnos.<\/p>\n","protected":false},"excerpt":{"rendered":"<p>El logo de El lugar de los Argentinos, una imagen del planeta con el Sur apuntando hacia arriba, causa en muchos la sensaci\u00f3n de que es un mundo invertido. El Universo no tiene arriba y abajo. Todo depende del punto de vista de quien lo observa. M\u00e1s precisamente, si no existiera la fuerza de la gravedad que nos atrae contra&hellip; <span class=\"read-more-span\"><a href=\"https:\/\/ellugardelosargentinos.com\/?page_id=128\" class=\"more-link\">Continue reading<span class=\"screen-reader-text\"> &#8220;Nuestro Logo&#8221;<\/span><\/a><\/span><\/p>\n","protected":false},"author":1,"featured_media":0,"parent":0,"menu_order":0,"comment_status":"closed","ping_status":"closed","template":"","meta":{"footnotes":""},"class_list":["post-128","page","type-page","status-publish","hentry"],"_links":{"self":[{"href":"https:\/\/ellugardelosargentinos.com\/index.php?rest_route=\/wp\/v2\/pages\/128","targetHints":{"allow":["GET"]}}],"collection":[{"href":"https:\/\/ellugardelosargentinos.com\/index.php?rest_route=\/wp\/v2\/pages"}],"about":[{"href":"https:\/\/ellugardelosargentinos.com\/index.php?rest_route=\/wp\/v2\/types\/page"}],"author":[{"embeddable":true,"href":"https:\/\/ellugardelosargentinos.com\/index.php?rest_route=\/wp\/v2\/users\/1"}],"replies":[{"embeddable":true,"href":"https:\/\/ellugardelosargentinos.com\/index.php?rest_route=%2Fwp%2Fv2%2Fcomments&post=128"}],"version-history":[{"count":2,"href":"https:\/\/ellugardelosargentinos.com\/index.php?rest_route=\/wp\/v2\/pages\/128\/revisions"}],"predecessor-version":[{"id":190,"href":"https:\/\/ellugardelosargentinos.com\/index.php?rest_route=\/wp\/v2\/pages\/128\/revisions\/190"}],"wp:attachment":[{"href":"https:\/\/ellugardelosargentinos.com\/index.php?rest_route=%2Fwp%2Fv2%2Fmedia&parent=128"}],"curies":[{"name":"wp","href":"https:\/\/api.w.org\/{rel}","templated":true}]}}